?
2, 211
What are the prime factors of 2558?
2, 1279
What are the prime factors of 7682?
2, 23, 167
List the prime factors of 101037.
3, 33679
List the prime factors of 1286.
2, 643
What are the prime factors of 44713?
61, 733
List the prime factors of 535.
5, 107
What are the prime factors of 1988?
2, 7, 71
List the prime factors of 3817.
11, 347
What are the prime factors of 111?
3, 37
What are the prime factors of 6741?
3, 7, 107
What are the prime factors of 16132?
2, 37, 109
List the prime factors of 34098.
2, 3, 5683
What are the prime factors of 17108?
2, 7, 13, 47
List the prime factors of 1178.
2, 19, 31
What are the prime factors of 1091?
1091
List the prime factors of 31344.
2, 3, 653
What are the prime factors of 35895?
3, 5, 2393
List the prime factors of 598.
2, 13, 23
What are the prime factors of 1096?
2, 137
What are the prime factors of 380?
2, 5, 19
What are the prime factors of 3107?
13, 239
What are the prime factors of 1555?
5, 311
What are the prime factors of 21159?
3, 2351
What are the prime factors of 107342?
2, 191, 281
List the prime factors of 15652.
2, 7, 13, 43
What are the prime factors of 1627?
1627
List the prime factors of 4285.
5, 857
List the prime factors of 3746.
2, 1873
What are the prime factors of 730?
2, 5, 73
List the prime factors of 26678.
2, 13339
What are the prime factors of 1315?
5, 263
List the prime factors of 18399.
3, 6133
List the prime factors of 1632.
2, 3, 17
What are the prime factors of 2753?
2753
What are the prime factors of 1188?
2, 3, 11
What are the prime factors of 1214?
2, 607
List the prime factors of 10336.
2, 17, 19
List the prime factors of 27322.
2, 19, 719
What are the prime factors of 30?
2, 3, 5
List the prime factors of 698.
2, 349
List the prime factors of 82274.
2, 31, 1327
List the prime factors of 22194.
2, 3, 137
List the prime factors of 688.
2, 43
List the prime factors of 685.
5, 137
List the prime factors of 75.
3, 5
What are the prime factors of 20880?
2, 3, 5, 29
What are the prime factors of 36343?
36343
What are the prime factors of 2390?
2, 5, 239
List the prime factors of 6178.
2, 3089
List the prime factors of 1398.
2, 3, 233
List the prime factors of 5253.
3, 17, 103
What are the prime factors of 7097?
47, 151
What are the prime factors of 839?
839
What are the prime factors of 739?
739
What are the prime factors of 124628?
2, 7, 4451
What are the prime factors of 106454?
2, 17, 31, 101
List the prime factors of 52049.
23, 31, 73
What are the prime factors of 52125?
3, 5, 139
What are the prime factors of 9586?
2, 4793
List the prime factors of 259.
7, 37
What are the prime factors of 5108?
2, 1277
List the prime factors of 1950.
2, 3, 5, 13
What are the prime factors of 14672?
2, 7, 131
List the prime factors of 12064.
2, 13, 29
List the prime factors of 16385.
5, 29, 113
List the prime factors of 2751.
3, 7, 131
List the prime factors of 618.
2, 3, 103
What are the prime factors of 959?
7, 137
List the prime factors of 2.
2
List the prime factors of 20586.
2, 3, 47, 73
What are the prime factors of 1084?
2, 271
What are the prime factors of 3858?
2, 3, 643
What are the prime factors of 16679?
13, 1283
What are the prime factors of 3153?
3, 1051
What are the prime factors of 418?
2, 11, 19
What are the prime factors of 61?
61
List the prime factors of 654.
2, 3, 109
What are the prime factors of 2224?
2, 139
List the prime factors of 79575.
3, 5, 1061
List the prime factors of 151.
151
What are the prime factors of 5982?
2, 3, 997
List the prime factors of 65225.
5, 2609
List the prime factors of 13839.
3, 7, 659
List the prime factors of 3821.
3821
What are the prime factors of 13799?
13799
What are the prime factors of 55004?
2, 13751
What are the prime factors of 1788?
2, 3, 149
What are the prime factors of 4100?
2, 5, 41
List the prime factors of 74324.
2, 17, 1093
What are the prime factors of 6326?
2, 3163
What are the prime factors of 147467?
31, 67, 71
List the prime factors of 44807.
7, 37, 173
What are the prime factors of 4657?
4657
List the prime factors of 100611.
3, 7, 1597
List the prime factors of 28166.
2, 14083
List the prime factors of 1452.
2, 3, 11
List the prime factors of 9535.
5, 1907
What are the prime factors of 766?
2, 383
List the prime factors of 47.
47
What are the prime factors of 51322?
2, 67, 383
What are the prime factors of 2360?
2, 5, 59
List the prime factors of 4325.
5, 173
List the prime factors of 1581.
3, 17, 31
What are the prime factors of 3298?
2, 17, 97
List the prime factors of 6851.
13, 17, 31
List the prime factors of 7132.
2, 1783
What are the prime factors of 2891?
7, 59
List the prime factors of 92468.
2, 23117
What are the prime factors of 19081?
19081
What are the prime factors of 290?
2, 5, 29
What are the prime factors of 17731?
7, 17, 149
What are the prime factors of 2055?
3, 5, 137
List the prime factors of 100.
2, 5
List the prime factors of 549.
3, 61
List the prime factors of 6526.
2, 13, 251
List the prime factors of 729.
3
List the prime factors of 10537.
41, 257
What are the prime factors of 5326?
2, 2663
What are the prime factors of 4668?
2, 3, 389
List the prime factors of 1047.
3, 349
List the prime factors of 522.
2, 3, 29
List the prime factors of 419.
419
What are the prime factors of 103?
103
List the prime factors of 12100.
2, 5, 11
List the prime factors of 1772.
2, 443
What are the prime factors of 8018?
2, 19, 211
What are the prime factors of 306?
2, 3, 17
List the prime factors of 1176.
2, 3, 7
What are the prime factors of 839?
839
List the prime factors of 192.
2, 3
List the prime factors of 1515.
3, 5, 101
What are the prime factors of 396?
2, 3, 11
List the prime factors of 1482.
2, 3, 13, 19
List the prime factors of 4797.
3, 13, 41
What are the prime factors of 762?
2, 3, 127
List the prime factors of 8410.
2, 5, 29
What are the prime factors of 3931?
3931
List the prime factors of 33498.
2, 3, 1861
What are the prime factors of 620?
2, 5, 31
What are the prime factors of 2867?
47, 61
What are the prime factors of 36261?
3, 17, 79
What are the prime factors of 4015?
5, 11, 73
What are the prime factors of 2585?
5, 11, 47
List the prime factors of 37099.
23, 1613
What are the prime factors of 616?
2, 7, 11
What are the prime factors of 2907?
3, 17, 19
What are the prime factors of 3140?
2, 5, 157
List the prime factors of 41121.
3, 1523
What are the prime factors of 2361?
3, 787
What are the prime factors of 42147?
3, 7, 223
List the prime factors of 12312.
2, 3, 19
List the prime factors of 10713.
3, 3571
What are the prime factors of 6411?
3, 2137
What are the prime factors of 2804?
2, 701
What are the prime factors of 4257?
3, 11, 43
List the prime factors of 6233.
23, 271
List the prime factors of 949.
13, 73
What are the prime factors of 5002?
2, 41, 61
List the prime factors of 4108.
2, 13, 79
What are the prime factors of 540?
2, 3, 5
What are the prime factors of 92202?
2, 3, 11, 127
List the prime factors of 24349.
13, 1873
List the prime factors of 88962.
2, 3, 14827
List the prime factors of 22225.
5, 7, 127
List the prime factors of 130.
2, 5, 13
What are the prime factors of 2344?
2, 293
What are the prime factors of 53772?
2, 3, 4481
What are the prime factors of 724?
2, 181
List the prime factors of 11935.
5, 7, 11, 31
What are the prime factors of 3122?
2, 7, 223
List the prime factors of 718.
2, 359
List the prime factors of 88558.
2, 44279
What are the prime factors of 19696?
2, 1231
List the prime factors of 92576.
2, 11, 263
What are the prime factors of 2797?
2797
List the prime factors of 4724.
2, 1181
List the prime factors of 21322.
2, 7, 1523
What are the prime factors of 92407?
7, 43, 307
What are the prime factors of 2779?
7, 397
What are the prime factors of 5231?
5231
List the prime factors of 1927.
41, 47
List the prime factors of 1249.
1249
List the prime factors of 62986.
2, 7, 11, 409
List the prime factors of 9867.
3, 11, 13, 23
List the prime factors of 556.
2, 139
What are the prime factors of 82991?
37, 2243
List the prime factors of 725.
5, 29
What are the prime factors of 1715?
5, 7
What are the prime factors of 13095?
3, 5, 97
What are the prime factors of 14602?
2, 7, 149
What are the prime factors of 55904?
2, 1747
List th